{"id":61,"date":"2017-02-05T12:01:45","date_gmt":"2017-02-05T11:01:45","guid":{"rendered":"http:\/\/localhost\/mieszka\/?page_id=61"},"modified":"2026-02-18T15:50:19","modified_gmt":"2026-02-18T14:50:19","slug":"rodzinny-apartament-nad-morzem-kolobrzeg","status":"publish","type":"page","link":"https:\/\/apartament-mieszka.eu\/index.php\/rodzinny-apartament-nad-morzem-kolobrzeg\/","title":{"rendered":"Cennik"},"content":{"rendered":"\n<div class=\"wp-block-columns\">\n<div class=\"wp-block-column\" style=\"flex-basis:100%\">\n<div class=\"wp-container-1 wp-block-group\"><div class=\"wp-block-group__inner-container\">\n<p>\u00a0<\/p>\n<p>\u00a0<\/p>\n<center><span style=\"font-family: Arial; font-size: 16pt; color: white;\"><span style=\"background: #003153;\">apartament dla 5-6 os\u00f3b \/za 1 nocleg<\/span><br \/><span style=\"background: green;\">\u00a0dla 3-4 os\u00f3b \/za 1 nocleg<\/span><br \/><span style=\"background: red;\">\u00a0dla 1-2 os\u00f3b \/za 1 nocleg<\/span><\/span><\/center>\n<p>\u00a0<\/p>\n<p>\u00a0<\/p>\n<table border=\"1\" width=\"90%\" frame=\"below\" cellspacing=\"2\" cellpadding=\"2\" align=\"center\" bgcolor=\"#003153\">\n<tbody>\n<tr>\n<td><center><span style=\"color: #ffffff;\">Termin<\/span><\/center><\/td>\n<td><center><span style=\"color: #ffffff;\">cena w Z\u0141<\/span><\/center><\/td>\n<\/tr>\n<tr>\n<td><center><span style=\"color: #ffffff;\">02.01 &#8211; 01.04.2026<\/span><\/center><\/td>\n<td><center><span style=\"color: #ffffff;\">300 <span style=\"background: green;\">250 <\/span><span style=\"background: red;\">200<\/span><\/span><\/center><\/td>\n<\/tr>\n<tr>\n<td><center><span style=\"color: #ffffff;\">01.04 &#8211; 06.04.2026<\/span><\/center><\/td>\n<td><center><span style=\"color: #ffffff;\">400 <span style=\"background: green;\">350 <\/span><span style=\"background: red;\">300<\/span><\/span><\/center><\/td>\n<\/tr>\n<tr>\n<td><center><span style=\"color: #ffffff;\">06.04 &#8211; 30.04.2026<\/span><\/center><\/td>\n<td><center><span style=\"color: #ffffff;\">300 <span style=\"background: green;\">250 <\/span><span style=\"background: red;\">200<\/span><\/span><\/center><\/td>\n<\/tr>\n<tr>\n<td><center><span style=\"color: #ffffff;\">30.04 &#8211; 03.05.2026<\/span><\/center><\/td>\n<td><center><span style=\"color: #ffffff;\">400 <span style=\"background: green;\">350 <\/span><span style=\"background: red;\">300<\/span><\/span><\/center><\/td>\n<\/tr>\n<tr>\n<td><center><span style=\"color: #ffffff;\">03.05 &#8211; 13.05.2026<\/span><\/center><\/td>\n<td><center><span style=\"color: #ffffff;\">300 <span style=\"background: green;\">250 <\/span><span style=\"background: red;\">200<\/span><\/span><\/center><\/td>\n<\/tr>\n<tr>\n<td>\u00a0<\/td>\n<td>\u00a0<\/td>\n<\/tr>\n<tr>\n<td>\u00a0<\/td>\n<td>\u00a0<\/td>\n<\/tr>\n<tr>\n<td><center><span style=\"color: #ffffff;\">29.06 &#8211; 13.07.2025<\/span><\/center><\/td>\n<td><center><span style=\"color: #ffffff;\">450 <span style=\"background: green;\">400 <\/span><span style=\"background: red;\">400<\/span><\/span><\/center><\/td>\n<\/tr>\n<tr>\n<td><center><span style=\"color: #ffffff;\">13.07 &#8211; 20.07.2025<\/span><\/center><\/td>\n<td><center><span style=\"color: #ffffff;\">550 <span style=\"background: green;\">500 <\/span><span style=\"background: red;\">450<\/span><\/span><\/center><\/td>\n<\/tr>\n<tr>\n<td><center><span style=\"color: #ffffff;\">20.07 &#8211; 10.08.2025<\/span><\/center><\/td>\n<td><center><span style=\"color: #ffffff;\">550 <span style=\"background: green;\">500 <\/span><span style=\"background: red;\">500<\/span><\/span><\/center><\/td>\n<\/tr>\n<tr>\n<td><center><span style=\"color: #ffffff;\">10.08 &#8211; 17.08.2025<\/span><\/center><\/td>\n<td><center><span style=\"color: #ffffff;\">550 <span style=\"background: green;\">500 <\/span><span style=\"background: red;\">450<\/span><\/span><\/center><\/td>\n<\/tr>\n<tr>\n<td><center><span style=\"color: #ffffff;\">17.08 &#8211; 24.08.2025<\/span><\/center><\/td>\n<td><center><span style=\"color: #ffffff;\">450 <span style=\"background: green;\">400 <\/span><span style=\"background: red;\">400<\/span><\/span><\/center><\/td>\n<\/tr>\n<tr>\n<td>\u00a0<\/td>\n<td>\u00a0<\/td>\n<\/tr>\n<tr>\n<td>\u00a0<\/td>\n<td>\u00a0<\/td>\n<\/tr>\n<tr>\n<td><center><span style=\"color: #ffffff;\">24.08 &#8211; 07.09.2025<\/span><\/center><\/td>\n<td><center><span style=\"color: #ffffff;\">400 <span style=\"background: green;\">350 <\/span><span style=\"background: red;\">300<\/span><\/span><\/center><\/td>\n<\/tr>\n<tr>\n<td><center><span style=\"color: #ffffff;\">07.09 &#8211; 05.10.2025<\/span><\/center><\/td>\n<td><center><span style=\"color: #ffffff;\">350 <span style=\"background: green;\">300 <\/span><span style=\"background: red;\">250 <\/span><\/span><\/center><\/td>\n<\/tr>\n<tr>\n<td><center><span style=\"color: #ffffff;\">05.10 &#8211; 23.12.2025<\/span><\/center><\/td>\n<td><center><span style=\"color: #ffffff;\">300 <span style=\"background: green;\">260 <\/span><span style=\"background: red;\">250<\/span><\/span><\/center><\/td>\n<\/tr>\n<tr>\n<td>\u00a0<\/td>\n<td>\u00a0<\/td>\n<\/tr>\n<tr>\n<td><center><span style=\"color: #ffffff;\">23.12 &#8211; 30.12.2025<\/span><\/center><\/td>\n<td><center><span style=\"color: #ffffff;\">350 <span style=\"background: green;\">300 <\/span><span style=\"background: red;\">300<\/span><\/span><\/center><\/td>\n<\/tr>\n<tr>\n<td><center><span style=\"color: #ffffff;\">30.12.2025 &#8211; 02.01.2026<\/span><\/center><\/td>\n<td><center><span style=\"color: #ffffff;\">550 <span style=\"background: green;\">500 <\/span><span style=\"background: red;\">500 <\/span><\/span><\/center><\/td>\n<\/tr>\n<tr>\n<td>\u00a0<\/td>\n<td>\u00a0<\/td>\n<\/tr>\n<\/tbody>\n<\/table>\n<p><span style=\"font-family: Arial; font-size: 12pt; color: black;\">W cenie apartamentu:<br \/><\/span> internet, po\u015bciel, r\u0119czniki, energia elektryczna.<\/p>\n<p>W okresie wysokiego sezonu lipiec &#8211; sierpie\u0144, pobyty od niedzieli do niedzieli.<\/p>\n<p>Op\u0142ata klimatyczna: 6,67 z\u0142\/osobodoba<\/p>\n<\/div><\/div>\n<\/div>\n<\/div>\n\n\n<p><!--Anfang Linkcode --><br><a href=\"https:\/\/www.ferienhausmarkt.com\/region\/ostsee-westpommern\/\">Appartment Ostsee &#8211; Westpommern<\/a><br>und <a href=\"https:\/\/www.ostsee-strandurlaub.net\/\">Ferienwohnung Ostsee<\/a> von privat mieten<br><!--ENDE Linkcode --><\/p>\n<p><!--Anfang Linkcode --><br><a href=\"https:\/\/www.pensionen-weltweit.de\/region\/ostsee-westpommern\/\">Appartement Ostsee &#8211; Westpommern<\/a><br>und <a href=\"https:\/\/www.strandurlaub-nordsee.com\/\">Ferienwohnungen Nordsee<\/a> von privat mieten<br><!--ENDE Linkcode --><\/p>","protected":false},"excerpt":{"rendered":"<p>\u00a0 \u00a0 apartament dla 5-6 os\u00f3b \/za 1 nocleg\u00a0dla 3-4 os\u00f3b \/za 1 nocleg\u00a0dla 1-2 os\u00f3b \/za 1 nocleg \u00a0 \u00a0 Termin cena w Z\u0141 02.01 &#8211; 01.04.2026 300 250 200 01.04 &#8211; 06.04.2026 400 350 300 06.04 &#8211; 30.04.2026 300 250 200 30.04 &#8211; 03.05.2026 400 350 300 03.05 &#8211; 13.05.2026 300 250 200 &hellip; <\/p>\n<p class=\"link-more\"><a href=\"https:\/\/apartament-mieszka.eu\/index.php\/rodzinny-apartament-nad-morzem-kolobrzeg\/\" class=\"more-link\">Czytaj dalej<span class=\"screen-reader-text\"> Cennik<\/span><\/a><\/p>\n","protected":false},"author":1,"featured_media":0,"parent":0,"menu_order":0,"comment_status":"closed","ping_status":"closed","template":"","meta":[],"yoast_head":"<!-- This site is optimized with the Yoast SEO plugin v18.1 - https:\/\/yoast.com\/wordpress\/plugins\/seo\/ -->\n<title>Apartament Mieszka - cennik na ca\u0142y rok<\/title>\n<meta name=\"description\" content=\"Zobacz cennik apartament mieszka, 3 pokoje, kuchnia, \u0142azienka. S\u0142oneczny intymny balkon, dost\u0119p do internetu, smart TV, konsola do gier Play Station. Przy budynku bezp\u0142atny parking. 900 m do centrum miasta.\" \/>\n<meta name=\"robots\" content=\"index, follow, max-snippet:-1, max-image-preview:large, max-video-preview:-1\" \/>\n<link rel=\"canonical\" href=\"https:\/\/apartament-mieszka.eu\/index.php\/rodzinny-apartament-nad-morzem-kolobrzeg\/\" \/>\n<meta property=\"og:locale\" content=\"pl_PL\" \/>\n<meta property=\"og:type\" content=\"article\" \/>\n<meta property=\"og:title\" content=\"Apartament Mieszka - cennik na ca\u0142y rok\" \/>\n<meta property=\"og:description\" content=\"Zobacz cennik apartament mieszka, 3 pokoje, kuchnia, \u0142azienka. S\u0142oneczny intymny balkon, dost\u0119p do internetu, smart TV, konsola do gier Play Station. Przy budynku bezp\u0142atny parking. 900 m do centrum miasta.\" \/>\n<meta property=\"og:url\" content=\"https:\/\/apartament-mieszka.eu\/index.php\/rodzinny-apartament-nad-morzem-kolobrzeg\/\" \/>\n<meta property=\"og:site_name\" content=\"Apartament Mieszka\" \/>\n<meta property=\"article:modified_time\" content=\"2026-02-18T14:50:19+00:00\" \/>\n<meta name=\"twitter:card\" content=\"summary_large_image\" \/>\n<meta name=\"twitter:label1\" content=\"Szacowany czas czytania\" \/>\n\t<meta name=\"twitter:data1\" content=\"1 minuta\" \/>\n<script type=\"application\/ld+json\" class=\"yoast-schema-graph\">{\"@context\":\"https:\/\/schema.org\",\"@graph\":[{\"@type\":[\"Person\",\"Organization\"],\"@id\":\"https:\/\/apartament-mieszka.eu\/#\/schema\/person\/7bfaa1ac635020526b041880ceb7d428\",\"name\":\"Jacek\",\"image\":{\"@type\":\"ImageObject\",\"@id\":\"https:\/\/apartament-mieszka.eu\/#personlogo\",\"inLanguage\":\"pl-PL\",\"url\":\"http:\/\/apartament-mieszka.eu\/wp-content\/uploads\/2017\/02\/cropped-Kopia-sypialnia-nieb-Large-1.jpg\",\"contentUrl\":\"http:\/\/apartament-mieszka.eu\/wp-content\/uploads\/2017\/02\/cropped-Kopia-sypialnia-nieb-Large-1.jpg\",\"width\":512,\"height\":512,\"caption\":\"Jacek\"},\"logo\":{\"@id\":\"https:\/\/apartament-mieszka.eu\/#personlogo\"},\"sameAs\":[\"http:\/\/www.apartament-mieszka.eu\"]},{\"@type\":\"WebSite\",\"@id\":\"https:\/\/apartament-mieszka.eu\/#website\",\"url\":\"https:\/\/apartament-mieszka.eu\/\",\"name\":\"Apartament Mieszka\",\"description\":\"Rodzinny apartament nad morzem\",\"publisher\":{\"@id\":\"https:\/\/apartament-mieszka.eu\/#\/schema\/person\/7bfaa1ac635020526b041880ceb7d428\"},\"potentialAction\":[{\"@type\":\"SearchAction\",\"target\":{\"@type\":\"EntryPoint\",\"urlTemplate\":\"https:\/\/apartament-mieszka.eu\/?s={search_term_string}\"},\"query-input\":\"required name=search_term_string\"}],\"inLanguage\":\"pl-PL\"},{\"@type\":\"WebPage\",\"@id\":\"https:\/\/apartament-mieszka.eu\/index.php\/rodzinny-apartament-nad-morzem-kolobrzeg\/#webpage\",\"url\":\"https:\/\/apartament-mieszka.eu\/index.php\/rodzinny-apartament-nad-morzem-kolobrzeg\/\",\"name\":\"Apartament Mieszka - cennik na ca\u0142y rok\",\"isPartOf\":{\"@id\":\"https:\/\/apartament-mieszka.eu\/#website\"},\"datePublished\":\"2017-02-05T11:01:45+00:00\",\"dateModified\":\"2026-02-18T14:50:19+00:00\",\"description\":\"Zobacz cennik apartament mieszka, 3 pokoje, kuchnia, \u0142azienka. S\u0142oneczny intymny balkon, dost\u0119p do internetu, smart TV, konsola do gier Play Station. Przy budynku bezp\u0142atny parking. 900 m do centrum miasta.\",\"breadcrumb\":{\"@id\":\"https:\/\/apartament-mieszka.eu\/index.php\/rodzinny-apartament-nad-morzem-kolobrzeg\/#breadcrumb\"},\"inLanguage\":\"pl-PL\",\"potentialAction\":[{\"@type\":\"ReadAction\",\"target\":[\"https:\/\/apartament-mieszka.eu\/index.php\/rodzinny-apartament-nad-morzem-kolobrzeg\/\"]}]},{\"@type\":\"BreadcrumbList\",\"@id\":\"https:\/\/apartament-mieszka.eu\/index.php\/rodzinny-apartament-nad-morzem-kolobrzeg\/#breadcrumb\",\"itemListElement\":[{\"@type\":\"ListItem\",\"position\":1,\"name\":\"Strona g\u0142\u00f3wna\",\"item\":\"https:\/\/apartament-mieszka.eu\/\"},{\"@type\":\"ListItem\",\"position\":2,\"name\":\"Cennik\"}]}]}<\/script>\n<!-- \/ Yoast SEO plugin. -->","yoast_head_json":{"title":"Apartament Mieszka - cennik na ca\u0142y rok","description":"Zobacz cennik apartament mieszka, 3 pokoje, kuchnia, \u0142azienka. S\u0142oneczny intymny balkon, dost\u0119p do internetu, smart TV, konsola do gier Play Station. Przy budynku bezp\u0142atny parking. 900 m do centrum miasta.","robots":{"index":"index","follow":"follow","max-snippet":"max-snippet:-1","max-image-preview":"max-image-preview:large","max-video-preview":"max-video-preview:-1"},"canonical":"https:\/\/apartament-mieszka.eu\/index.php\/rodzinny-apartament-nad-morzem-kolobrzeg\/","og_locale":"pl_PL","og_type":"article","og_title":"Apartament Mieszka - cennik na ca\u0142y rok","og_description":"Zobacz cennik apartament mieszka, 3 pokoje, kuchnia, \u0142azienka. S\u0142oneczny intymny balkon, dost\u0119p do internetu, smart TV, konsola do gier Play Station. Przy budynku bezp\u0142atny parking. 900 m do centrum miasta.","og_url":"https:\/\/apartament-mieszka.eu\/index.php\/rodzinny-apartament-nad-morzem-kolobrzeg\/","og_site_name":"Apartament Mieszka","article_modified_time":"2026-02-18T14:50:19+00:00","twitter_card":"summary_large_image","twitter_misc":{"Szacowany czas czytania":"1 minuta"},"schema":{"@context":"https:\/\/schema.org","@graph":[{"@type":["Person","Organization"],"@id":"https:\/\/apartament-mieszka.eu\/#\/schema\/person\/7bfaa1ac635020526b041880ceb7d428","name":"Jacek","image":{"@type":"ImageObject","@id":"https:\/\/apartament-mieszka.eu\/#personlogo","inLanguage":"pl-PL","url":"http:\/\/apartament-mieszka.eu\/wp-content\/uploads\/2017\/02\/cropped-Kopia-sypialnia-nieb-Large-1.jpg","contentUrl":"http:\/\/apartament-mieszka.eu\/wp-content\/uploads\/2017\/02\/cropped-Kopia-sypialnia-nieb-Large-1.jpg","width":512,"height":512,"caption":"Jacek"},"logo":{"@id":"https:\/\/apartament-mieszka.eu\/#personlogo"},"sameAs":["http:\/\/www.apartament-mieszka.eu"]},{"@type":"WebSite","@id":"https:\/\/apartament-mieszka.eu\/#website","url":"https:\/\/apartament-mieszka.eu\/","name":"Apartament Mieszka","description":"Rodzinny apartament nad morzem","publisher":{"@id":"https:\/\/apartament-mieszka.eu\/#\/schema\/person\/7bfaa1ac635020526b041880ceb7d428"},"potentialAction":[{"@type":"SearchAction","target":{"@type":"EntryPoint","urlTemplate":"https:\/\/apartament-mieszka.eu\/?s={search_term_string}"},"query-input":"required name=search_term_string"}],"inLanguage":"pl-PL"},{"@type":"WebPage","@id":"https:\/\/apartament-mieszka.eu\/index.php\/rodzinny-apartament-nad-morzem-kolobrzeg\/#webpage","url":"https:\/\/apartament-mieszka.eu\/index.php\/rodzinny-apartament-nad-morzem-kolobrzeg\/","name":"Apartament Mieszka - cennik na ca\u0142y rok","isPartOf":{"@id":"https:\/\/apartament-mieszka.eu\/#website"},"datePublished":"2017-02-05T11:01:45+00:00","dateModified":"2026-02-18T14:50:19+00:00","description":"Zobacz cennik apartament mieszka, 3 pokoje, kuchnia, \u0142azienka. S\u0142oneczny intymny balkon, dost\u0119p do internetu, smart TV, konsola do gier Play Station. Przy budynku bezp\u0142atny parking. 900 m do centrum miasta.","breadcrumb":{"@id":"https:\/\/apartament-mieszka.eu\/index.php\/rodzinny-apartament-nad-morzem-kolobrzeg\/#breadcrumb"},"inLanguage":"pl-PL","potentialAction":[{"@type":"ReadAction","target":["https:\/\/apartament-mieszka.eu\/index.php\/rodzinny-apartament-nad-morzem-kolobrzeg\/"]}]},{"@type":"BreadcrumbList","@id":"https:\/\/apartament-mieszka.eu\/index.php\/rodzinny-apartament-nad-morzem-kolobrzeg\/#breadcrumb","itemListElement":[{"@type":"ListItem","position":1,"name":"Strona g\u0142\u00f3wna","item":"https:\/\/apartament-mieszka.eu\/"},{"@type":"ListItem","position":2,"name":"Cennik"}]}]}},"_links":{"self":[{"href":"https:\/\/apartament-mieszka.eu\/index.php\/wp-json\/wp\/v2\/pages\/61"}],"collection":[{"href":"https:\/\/apartament-mieszka.eu\/index.php\/wp-json\/wp\/v2\/pages"}],"about":[{"href":"https:\/\/apartament-mieszka.eu\/index.php\/wp-json\/wp\/v2\/types\/page"}],"author":[{"embeddable":true,"href":"https:\/\/apartament-mieszka.eu\/index.php\/wp-json\/wp\/v2\/users\/1"}],"replies":[{"embeddable":true,"href":"https:\/\/apartament-mieszka.eu\/index.php\/wp-json\/wp\/v2\/comments?post=61"}],"version-history":[{"count":134,"href":"https:\/\/apartament-mieszka.eu\/index.php\/wp-json\/wp\/v2\/pages\/61\/revisions"}],"predecessor-version":[{"id":636,"href":"https:\/\/apartament-mieszka.eu\/index.php\/wp-json\/wp\/v2\/pages\/61\/revisions\/636"}],"wp:attachment":[{"href":"https:\/\/apartament-mieszka.eu\/index.php\/wp-json\/wp\/v2\/media?parent=61"}],"curies":[{"name":"wp","href":"https:\/\/api.w.org\/{rel}","templated":true}]}}